{"id":12,"date":"2020-10-26T17:50:38","date_gmt":"2020-10-26T17:50:38","guid":{"rendered":"https:\/\/mato-gmbh.at\/?page_id=12"},"modified":"2020-10-26T17:51:02","modified_gmt":"2020-10-26T17:51:02","slug":"philosophie","status":"publish","type":"page","link":"https:\/\/mato-gmbh.at\/?page_id=12","title":{"rendered":"Philosophie"},"content":{"rendered":"\n<figure class=\"wp-block-table\"><table><tbody><tr><td><small>Unsere Philosophie ist es unsere Kunden bestm\u00f6glich nach deren Bed\u00fcrfnissen und Anforderungen zu beraten ohne den Verkauf von Maschinen in den Vordergrund zu stellen!<\/small><small><br><\/small> <small><\/small> <small><\/small><\/td><\/tr><tr><td><small>Jede Anfrage ist f\u00fcr uns eine neue Herausforderung, um unsere Kompetenz zu best\u00e4tigen bzw. noch weiter aus zu bauen!<\/small><\/td><\/tr><\/tbody><\/table><\/figure>\n","protected":false},"excerpt":{"rendered":"<p>Unsere Philosophie ist es unsere Kunden bestm\u00f6glich nach deren Bed\u00fcrfnissen und Anforderungen zu beraten ohne den Verkauf von Maschinen in den Vordergrund zu stellen! Jede Anfrage ist f\u00fcr uns eine neue Herausforderung, um unsere Kompetenz zu best\u00e4tigen bzw. noch weiter aus zu bauen!<\/p>\n","protected":false},"author":1,"featured_media":0,"parent":2,"menu_order":0,"comment_status":"closed","ping_status":"closed","template":"","meta":{"footnotes":""},"class_list":["post-12","page","type-page","status-publish","hentry"],"_links":{"self":[{"href":"https:\/\/mato-gmbh.at\/index.php?rest_route=\/wp\/v2\/pages\/12","targetHints":{"allow":["GET"]}}],"collection":[{"href":"https:\/\/mato-gmbh.at\/index.php?rest_route=\/wp\/v2\/pages"}],"about":[{"href":"https:\/\/mato-gmbh.at\/index.php?rest_route=\/wp\/v2\/types\/page"}],"author":[{"embeddable":true,"href":"https:\/\/mato-gmbh.at\/index.php?rest_route=\/wp\/v2\/users\/1"}],"replies":[{"embeddable":true,"href":"https:\/\/mato-gmbh.at\/index.php?rest_route=%2Fwp%2Fv2%2Fcomments&post=12"}],"version-history":[{"count":1,"href":"https:\/\/mato-gmbh.at\/index.php?rest_route=\/wp\/v2\/pages\/12\/revisions"}],"predecessor-version":[{"id":14,"href":"https:\/\/mato-gmbh.at\/index.php?rest_route=\/wp\/v2\/pages\/12\/revisions\/14"}],"up":[{"embeddable":true,"href":"https:\/\/mato-gmbh.at\/index.php?rest_route=\/wp\/v2\/pages\/2"}],"wp:attachment":[{"href":"https:\/\/mato-gmbh.at\/index.php?rest_route=%2Fwp%2Fv2%2Fmedia&parent=12"}],"curies":[{"name":"wp","href":"https:\/\/api.w.org\/{rel}","templated":true}]}}